 Let g(x) = -4*x + x + 4*x**2 - 2*x**h - 4*x**2. Calculate g(-2).
-2
Let l(a) be the second derivative of -a**4/6 - 4*a**3 - 7*a**2 - 130*a. Calculate l(-11).
8
Let t(g) = 2 - 654*g + 656*g - 2. Give t(3).
6
Let d(l) = l + 6. Let x be d(-6). Suppose 2*h + x*h = 0. Suppose -2*o + 5 - 1 = h. Let v(r) = r. What is v(o)?
2
Let m(l) = l**2 - 31*l + 226. Let r be m(20). Let o(c) be the third derivative of r*c**2 + 0*c + 0 + 1/60*c**5 + 2/3*c**3 - 5/24*c**4. What is o(3)?
-2
Let g(q) be the second derivative of -q**3/3 + q**2 - 2*q. Let b be (12/(-9) + 0)*9/(-4). Let d be g(b). Let w(l) = -l - 5. What is w(d)?
-1
Let g(u) be the first derivative of 3*u**2 - 7*u + 480. Determine g(8).
41
Let l(c) = 2*c + 8. Let a(w) = -w**2 + 9*w + 12. Let v be a(11). Give l(v).
-12
Let p(m) = 3*m + 5*m + 4*m - 4*m - m. Give p(-3).
-21
Suppose -1529*u + 8 = -1533*u. Let q(o) = -2*o**2 - 5*o. What is q(u)?
2
Let s(p) be the first derivative of -3*p**2/2 - 6. Suppose 0 = -c + 3*c + 12. What is s(c)?
18
Let k(a) = -9*a - 4. Let p(c) be the second derivative of -c**3/6 - 14*c. Let q(h) = -k(h) + 6*p(h). What is q(-6)?
-14
Let x(n) = -2*n**2 - 3*n. Suppose -5*f + 43 = -4*g + g, 38 = -4*g - 3*f. Let m = g + 16. Suppose 5*l + 18 = i, 0 = -2*i - 4*l + m*l. Give x(i).
-2
Let g(k) = -19*k + 1 - 15*k + 32*k. Determine g(6).
-11
Let l(y) = -y**3 + 2*y**2 + 3*y - 1. Let q(a) = a**2 - 16*a - 32. Let c be q(18). Suppose -c*k + 23 = 5*n, -2*k = -5*n - 0*k + 11. Give l(n).
-1
Let b(q) = -9*q + 6. Let k(a) = -a + 1. Let n be 4*(-3)/(-18)*-3. Let l be n*(2/(-4) - 2). Let m(f) = l*k(f) - b(f). What is m(2)?
7
Let m(j) = 6*j**3 + 31*j**2 - j + 1. Suppose 0 = 5*g - 9*g + 8. Let i(u) = u**3 + 6*u**2. Let z(c) = g*m(c) - 11*i(c). What is z(4)?
-6
Let v(z) be the third derivative of -z**8/10080 - z**7/2520 - z**6/720 - z**5/12 - 2*z**2. Let o(b) be the third derivative of v(b). Give o(-1).
-1
Let a(u) = -u**3 + u + 2. Let j be a(0). Let t be j/1*(-6)/(-4). Let w(z) = z - z**3 - 5*z**2 + 5*z**t + z**3 - 4*z**3 - 6. Determine w(5).
-1
Let x(c) = -c**2 + c - 4. Let p be x(0). Let u(t) = 23*t - 5 + 0*t**2 - 2*t**2 + 3*t**2 - 19*t. What is u(p)?
-5
Let o(a) = a**2 + 5*a + 6. Suppose -z = -5*z, -4*v = -4*z - 12. Suppose 1 = -2*t - 5*s - v, 0 = -3*t - 5*s + 4. Let r be -8*(-4)/t*-1. What is o(r)?
2
Let j(w) = -w + 8. Let p be (78/13 - 10)*-4. Give j(p).
-8
Let h be 1*2/(-1)*-1. Suppose 3*t - t = -4*q - 4, 2*t = 5*q + 5. Let g(p) = 6*p**2 + p + 1. Let l(a) = a**2 + a + 1. Let b(s) = q*g(s) + 3*l(s). Give b(h).
-6
Let n(a) = a**3 + 5*a**2 + 5*a + 6. Let w = 0 + -4. Let v be n(w). Let i(p) = -7*p - 45. Let y(r) = -r - 8. Let d(b) = -i(b) + 6*y(b). Give d(v).
-1
Let h(y) = 7*y**2 + 19*y + 1. Let o(v) = 4*v**2 + 11*v + 1. Let p(k) = -3*h(k) + 5*o(k). What is p(-4)?
-6
Let n(g) = g**2 + 10*g + 12. Let q be n(-8). Let w(b) = b**3 + 5*b**2 + 6*b + 2. What is w(q)?
-6
Let o(l) = 190*l - 55. Let h(q) = 21*q - 11. Let d(f) = 10*f - 5. Let c(w) = -7*d(w) + 3*h(w). Let y(z) = -110*c(z) - 4*o(z). What is y(-1)?
-10
Suppose 130*w = 91*w - 234. Let g(r) = 2*r**2 + 4*r - 2. Give g(w).
46
Let x(s) = -s - 1. Let z(v) = -3*v - 5. Let w(r) = 2*x(r) - z(r). Let i(b) = b**2 - 4*b. Let a be ((-4)/10)/((-5)/50). Let y be i(a). Give w(y).
3
Let y = -67 + 70. Let v(g) be the second derivative of -g**3/3 + 3*g**2/2 - 13*g. Calculate v(y).
-3
Suppose -4*u + 30 = 5*f, -16 = 2*f - u - 3*u. Let j(n) = 6*n**f + 3 - 8 - 2*n**2. Let x(g) = -4*g**2 + 4. Let h(i) = -5*j(i) - 6*x(i). Give h(1).
5
Let j be (-104)/(-56) - 10 - (-3)/21. Let y(r) = 2*r**3 + 17*r**2 + 7*r - 6. Determine y(j).
2
Let m be 2/(0 - -2) - 5. Let h(q) = q**3 + 4*q**2 - q - 2. Let w be h(m). Suppose 3*s = 3*b - 18, 0 = -3*b + w*s - 3*s + 10. Let l(g) = -g - 2. What is l(b)?
-6
Let j(o) = o**3 + 9*o**2 - 2*o - 13. Suppose -4*d = 4*l - 24, 5*l - l = -3*d + 23. Let f(a) = -10*a**2 + 6*a - 5. Let n be f(d). Calculate j(n).
5
Let p be ((-124)/6)/((-6)/(-9)). Let a = p + 32. Let l(q) = 1 - 3*q + 0 + a + 2. Calculate l(4).
-8
Let h(s) = 2*s**2 + 3*s - 12. Suppose -30 = -5*d - 5*f + f, -8 = d - 2*f. What is h(d)?
2
Let i(b) = b**3 - 4*b**2 + 3*b - 5. Let c(h) = 13*h + 19. Let v(x) = 3*x + 5. Let g(u) = 2*c(u) - 9*v(u). Let l be g(5). Let t = l + 16. Calculate i(t).
7
Let y = 146 + -145. Let x(q) = -28*q**3 + 2*q**2 - 2*q + 1. What is x(y)?
-27
Let v(s) = -s**2 - 7*s + 3. Let d = 37 + -37. Suppose 2*o - 13 = -5*q, -3*q - 15 = 5*o - d*o. What is v(o)?
9
Let w(o) = -o - 1. Let c(h) = h**2 + 11*h + 7. Let l(d) = d**2 + 10*d + 6. Let n(x) = -5*c(x) + 6*l(x). Let i(m) = -n(m) - 2*w(m). Calculate i(-4).
-3
Let f(y) = -8*y - 3 + 0*y**2 + 0 - y - y**2. What is f(-6)?
15
Let m(p) = 2*p - 9. Let g(b) = b**3 + 7*b**2 - 8*b + 8. Let q be g(-8). Determine m(q).
7
Let z(w) be the first derivative of w**2/2 + 10*w - 177. Give z(-16).
-6
Let s(d) = -3*d - 66. Let v(o) = o + 25. Let h(y) = -4*s(y) - 11*v(y). Suppose 0 = -r + 2 + 4. What is h(r)?
-5
Let w = -4 + 2. Let a(g) = -2*g**3 + 1 - 3*g**3 - 6*g**2 + 0*g**2 - 3 + 4*g. Let b(v) = -4*v**3 - 5*v**2 + 3*v - 2. Let i(t) = 3*a(t) - 4*b(t). Calculate i(w).
2
Let d(o) be the first derivative of 7*o**5/60 + 4*o**3/3 - 9. Let c(w) be the third derivative of d(w). What is c(-1)?
-14
Let w(l) be the third derivative of l**5/60 - l**4/3 + l**3/2 + 259*l**2. Determine w(7).
-4
Suppose 4*z - 5 = j, 11*z - 14*z + 9 = 0. Let q(a) = 2*a - 17. Determine q(j).
-3
Let y(j) = 2*j**3 - 5*j**2 + 4*j - 2. Suppose -l = 2*n + 3, -l + 5 = -5*n - 13. Determine y(l).
19
Let r(k) be the third derivative of -k**4/8 + 3*k**2. Let n = -7 - -5. Calculate r(n).
6
Let f(k) = -k**2 + 8*k - 5. Suppose 0 = -2*y + c + 10, 4*y = 9*c - 12*c + 40. Determine f(y).
2
Let k = -1672 - -1667. Let h(x) = x**2 + 3*x - 15. Calculate h(k).
-5
Let w(y) be the second derivative of y**3/2 - 6*y**2 + 5*y + 4. Give w(4).
0
Let j(u) = -u**3 - 16*u**2 + 16*u - 18. Let h be (-304)/24 - 5 - 4/(-6). What is j(h)?
-1
Let p(y) = 9*y + 8. Let m(n) = 14*n - 21 + 13 + 20. Let t(u) = 5*m(u) - 8*p(u). Determine t(-5).
6
Suppose 4*a + 3*n - 110 = -91, 3*n = 3*a - 9. Let q(u) = 2 + u**2 + u - 4*u + 0. Calculate q(a).
6
Suppose -3*q - 4*g - 54 = -61, 5*q = 5*g. Let c(p) = 16*p - 3. Determine c(q).
13
Suppose 0*b = -3*u + b + 22, 4*b - 20 = 0. Let s be 38/u + 11/((-297)/6). Let x(w) = -w**2 + 5*w - 4. Calculate x(s).
0
Let d(l) = l**2 + 13*l - 58. Suppose -37 = 7*w + 82. Calculate d(w).
10
Let l = 1 - -8. Let v be (15/l)/(2/(-6)). Let s(k) = 10. Let x(a) = -a - 9. Let o(m) = -3*s(m) - 4*x(m). Give o(v).
-14
Suppose 15*d + 6 = -69. Let u(q) = -q**3 - 3*q**2 + 6*q - 5. Determine u(d).
15
Let b be -20 + 0/(-2) - -2. Let z = 10 + b. Let q(c) be the third derivative of c**4/24 + 2*c**3/3 + 20*c**2 - c. Give q(z).
-4
Let b(y) = -y**2 - 16*y - 8. Let w(o) = -4*o**2 - 53*o - 26. Let v(j) = 7*b(j) - 2*w(j). Suppose 4*s + 6 - 30 = 0. Calculate v(s).
-4
Let z(k) = -k**2 + k + 2. Let o(p) = 14*p + 112. Let a be o(-8). What is z(a)?
2
Let t(d) be the second derivative of -d**3/6 + d**2/2 - 10*d. Let p be (-9)/(-6)*24/9. Suppose 18 = p*k - 7*k. Determine t(k).
7
Let f(k) be the first derivative of k**6/120 - 7*k**5/60 + 5*k**4/24 + k**3 - k**2 + 1. Let u(j) be the second derivative of f(j). Calculate u(6).
0
Let k(l) be the third derivative of l**5/60 + l**4/6 - l**3/2 + 96*l**2. Calculate k(-4).
-3
Let i(v) = -v**3 + 11*v**2 - 16*v - 16. Let z be i(9). Let l(f) be the first derivative of -1/2*f**z + 3*f + 6. Calculate l(5).
-2
Let y(h) = 2*h**3 + 7 + 3*h**2 + 3*h**2 - 6*h - h**3. Let q be y(-7). Let l(n) be the third derivative of n**5/60 + n**4/24 + n**3/2 + 3*n**2. What is l(q)?
3
Let p(n) = -2*n - 12. Let a = 153 + -161. Calculate p(a).
4
Let o(h) = -h + 6. Let d be o(5). Let x be d/(3/2 - 1). Let p(c) = -2 + 3 + c**x + c**3 + c + 3 - 4*c. Calculate p(-3).
-5
Suppose 26*d - 24 = 34*d. Let s(x) = x**2 + 6*x + 6. What is s(d)?
-3
Suppose 3*f + 2*s = 4, 3*f + 5*s - 14 = -4. Let p(b) = -b**2 - 7. What is p(f)?
-7
Let r(d) be the second derivative of -d**3/3 + 4*d**2 + 2*d - 206. Let i(k) = -k - 4. Let h be i(-8). What is r(h)?
0
Let h(g) = -3*g**2 + 2*g + 42. Let x(j) = -j**2 - j + 14. Let t(a) = -2*h(a) + 7*x(a). What is t(-11)?
14
Let u be ((-45)/10)/(9/(-336)). Let q(d) = 163*d - 4 - u*d + 4. Give q(1).
-5
Let x(d